 0*p + 328. Is p a prime number?
False
Suppose 3*q = 7 + 2. Let b be q + -1 + (-14)/1. Let i = 1 - b. Is i prime?
True
Let j = 1 + -6. Let f(p) be the second derivative of p**4/4 + p**3 + p**2/2 - 2*p. Is f(j) a composite number?
True
Let b = -61 + 165. Suppose -4*t + 3*q = -b, t + 4*q - q = 41. Let i = t - -30. Is i a composite number?
False
Let m(d) = 4*d + 4. Let b be m(-4). Let c(s) = -77*s - 2. Let u be c(-5). Is u/3 - (-8)/b composite?
False
Suppose 390 = -7*w + 2*w. Let u = 145 + w. Is u prime?
True
Suppose -x + 160 = -3*x - 2*w, -311 = 4*x + w. Let h = x + 144. Is h a prime number?
True
Suppose 7*v = 4*v + 255. Is v a composite number?
True
Suppose j - 23 = -3*q - j, 0 = -2*q - j + 14. Suppose z = 4*b - 54, 0 = -q*z - 4*b - 155 - 19. Is 0 - (z + (6 - 3)) composite?
True
Is 5/2*(5 + 153) a prime number?
False
Let k be 2391/(-2) - 3/2. Is (-10)/(-55) - k/11 composite?
False
Let j(x) be the first derivative of x**5/10 + x**4/8 + 2*x**3/3 + x**2/2 + 2. Let t(f) be the second derivative of j(f). Is t(3) a composite number?
False
Let w = -62 - -1249. Is w a composite number?
False
Let i(r) = -r + 7. Let v be i(8). Let n be 9 - (-2 + v)/(-3). Is 1274/n + (-1)/4 a prime number?
False
Suppose 5*g - 4*g = 5*x + 84, 0 = 4*g + 4*x - 288. Is g prime?
False
Let n(w) = -2*w**2 - 2 + 3*w + 5*w**2 - 2*w**2. Let k be n(-6). Is (-6)/(-9) - k/(-3) composite?
True
Suppose 293 = -5*j + 2*u + 1008, 4*j - 555 = 5*u. Is j composite?
True
Let o = -52 + 77. Is o prime?
False
Let l be 3*6/(-9) + 1. Let u be 61 - 2 - (l + -1). Suppose -u - 13 = -2*d. Is d a composite number?
False
Suppose y + 2*y = 0. Suppose 5*j + 28 = -2*v + 4*v, y = -j + 2. Is v prime?
True
Suppose 5*p + 219 = 64. Let z(o) = 82*o**2 - o - 1. Let m be z(-1). Let j = m + p. Is j prime?
False
Let t be (-3)/(-6) + 2/(-4). Suppose t = 7*q - 4*q - 822. Is q composite?
True
Let g = -2915 + 5848. Is g a composite number?
True
Suppose -4*l + 3*l = 0. Suppose -2*m + 105 + 53 = l. Is m composite?
False
Suppose 700 + 1074 = 2*l. Is l composite?
False
Let z = -232 - -614. Suppose -f = f - z. Is f a prime number?
True
Suppose k + 68 = 279. Is k a prime number?
True
Let d(z) = -14*z - 13. Is d(-7) a prime number?
False
Let b(z) = -z**3 - z**2 + z + 1901. Is b(0) a composite number?
False
Let c(m) = m**3 - 8*m**2 + 7*m. Let i be c(7). Suppose -3*b + 19 - 7 = i. Is b a prime number?
False
Is 3 - (-5 - -7) - 1040/(-2) composite?
False
Let j = 0 - -14. Let t be (-60)/(-14) - 4/j. Is ((-141)/6)/((-2)/t) prime?
True
Suppose 3*r + t = r - 5, -4*r = -t + 1. Let u(d) = 2*d**3 + 1. Let j be u(r). Is ((-20)/(-16))/(j/(-28)) a prime number?
False
Suppose -q + 2140 = q. Suppose 3*y - 5*j = 634, 2*j - 7*j + q = 5*y. Suppose 4*s = 5*g - 565, 0 = -2*g + s - 2*s + y. Is g prime?
True
Let q(a) = -a**3 - 3*a**2 - 3*a + 1. Let i be ((-1)/(-2))/(1/(-6)). Is q(i) prime?
False
Let u = 906 + -565. Is u composite?
True
Let a(t) = 13*t - 24*t + 1 - t**2 + 3 + 7*t**2. Is a(7) a prime number?
False
Suppose 2*v = -2*o, -2*o + 1 = 4*v - 3*v. Is (77 + o)*1/2 a prime number?
False
Let h be 1685/20 - 2/8. Let t = 1763 + h. Is t prime?
True
Let r = 4 + -2. Suppose -n - 4*i + 17 = 0, -r*i = 4*n - 11 - 1. Is (-16 - n)/(-1) - -2 a prime number?
True
Let v = -7 - -28. Is 4*(0 - v/(-12)) a prime number?
True
Let g(s) = -50*s - 3. Let o = -5 - -3. Is g(o) a composite number?
False
Suppose 4*r = -2*g + 28, -2*g + 2*r = -3 + 5. Suppose -4*d + 33 = -3*b - 10, -4*d + 48 = -g*b. Suppose p = 22 - d. Is p composite?
True
Is (-6185)/(-2) + 30/(-20) composite?
True
Suppose 0 = -0*p - 4*p + 1128. Suppose -i = 5*z - 156, p = 2*i - 0*z + 4*z. Is i a prime number?
True
Is 1*1*-97*(-1 - 0) composite?
False
Suppose 6*f = 2*f. Suppose 5*k + 3*v - 160 = f, 2*v = 4*k + 3*v - 135. Is k a composite number?
True
Let x be (-7)/(-5) + 4/(-10). Let r(p) = p + 0 + 0 + 9*p + x. Is r(3) a composite number?
False
Let x be ((-16)/20)/((-2)/5). Suppose x*g = g + 191. Is g prime?
True
Let y = -119 - -171. Let w = 89 - y. Is w prime?
True
Is (-4 - 105445/(-30)) + 2/12 prime?
True
Suppose 0 = 7*s + 1159 + 311. Let t = s - -371. Is t composite?
True
Suppose -3*z - 2*z - 3*v + 521 = 0, 5*z - 517 = -v. Let u = -53 + z. Suppose -u = -h - h. Is h composite?
True
Let k(t) = 51*t. Let v be k(2). Suppose v - 339 = -3*n. Is n a composite number?
False
Is (662/6)/((-2)/(-6)) composite?
False
Let q be 2/6 - (-11)/3. Let m(p) = 4*p**3 + 1 + 2 - 7*p + 2 - 3*p**3 + 3*p**2. Is m(q) a composite number?
False
Suppose 0 = -c + 3*t - 11, 2*c = -5*t + 12 - 1. Let x = c - -2. Suppose -4*u + 342 + 30 = x. Is u prime?
False
Let i be (110/(-4))/((-1)/2). Suppose -4*d - 36 = -3*a - 0*a, 3*d + i = 4*a. Suppose 0 = -0*z - 4*z + a, 2*m - 28 = -2*z. Is m a composite number?
True
Is (-4)/(-6) - (-291)/9 prime?
False
Is 0/(-7) + (-10)/(-1) prime?
False
Let l = 2139 - 1328. Is l a prime number?
True
Let j(x) = -x - 1. Let t be j(-4). Let p(f) = 14*f**2 - 4*f - 1. Is p(t) prime?
True
Let n = -28 + 0. Let a = 110 - n. Suppose 3*b - 6*b + a = 0. Is b a composite number?
True
Let b(n) = n - 3. Let l be b(5). Suppose l*h + h = 159. Is h a composite number?
False
Suppose 0 = -3*k + 4*s - 33, 0 = k - s + 2*s + 18. Let m be (k/6)/(1/(-28)). Suppose 0 = -b, 3*r - 35 = -2*b + m. Is r prime?
False
Let r(i) = 19*i - 6. Let x(y) = -4*y + 1. Let n(g) = -2*r(g) - 11*x(g). Is n(3) prime?
True
Is (-8036)/(-36) + (-2)/9 a prime number?
True
Let u(s) = 5*s**2 + 5*s - 2. Let i be u(4). Suppose 4*q - 37 = -2*g - q, -4*g - 2*q + i = 0. Is g a composite number?
True
Let d(p) = 4 - 11*p + 0 - 19. Let h be d(-12). Suppose 0*i = -3*i + h. Is i a composite number?
True
Let n = 192 - 113. Is n composite?
False
Suppose -4*r = -230 - 254. Is r prime?
False
Let z be 115 + 2/(2/1). Suppose 3*j - n - 188 = 0, 3*j + 4*n = j + z. Is j a prime number?
False
Let j be 7/2 + 2/4. Suppose -j*n + 35 = -9*n. Let t = n + 20. Is t prime?
True
Let h = 0 - 0. Suppose -5*l + 435 = -h*l - 4*r, 0 = -5*l - 5*r + 480. Is l a prime number?
False
Let a be (-4)/(-6)*6/(-4). Let c be 6 + 0 - (a + 1). Is 58 - 0/(c/2) composite?
True
Let k(h) = -h**3 + 5*h**2 - 3*h - 4. Let w = -2 - -5. Let l be k(w). Suppose 154 = l*p - 3*p. Is p prime?
False
Let b = -9 + 6. Let v be (-34)/8 - b/12. Is 1/v + 410/8 prime?
False
Let m(v) = -2*v + 7. Let u be m(-9). Let o = 120 - u. Is o composite?
True
Let y = -89 + 201. Let k = y - 54. Is k composite?
True
Let a(y) = y**2 - 6*y + 1. Let b be a(8). Let u = 7 - 2. Suppose 0 = -c + 5*f + b, 114 = u*c + f + 3*f. Is c prime?
False
Suppose -u = 5*f - 1027, 2*f - 415 = -u + 2*u. Is f composite?
True
Suppose 2*d + 54 = -4*y, 44 = -3*d + y - 72. Let b = 18 - d. Is b prime?
False
Suppose x = 7*x - 858. Is x composite?
True
Let q = -5 - 0. Let l be (1 + q)*(-2 - 12). Suppose -n - 5*p + l = 23, 0 = -4*p + 16. Is n composite?
False
Suppose 0 = -0*n - 2*n + 5*m - 25, -3*n - 2*m = 9. Let l(y) = y**3 + 12*y**2 + y - 1. Is l(n) prime?
False
Let k(s) = -s. Let t be k(-3). Suppose 5*z - 561 = t*o + 104, -3*o - 532 = -4*z. Is z a composite number?
True
Is (24/2)/(-3) - (-2523 + -2) a composite number?
False
Is 1009/(4 - 5)*(-2 + 1) composite?
False
Let f = -105 - -344. Is f a composite number?
False
Let g be (-3)/9*(3 - 0). Is -3*g/(-6)*-178 prime?
True
Let d(m) = -m**3 + m + 3. Let c be d(0). Suppose -r + 351 = 4*x, -4*x + c*r + 366 = r. Is x a composite number?
False
Suppose 0 = -5*g + 20, -2*k - g + 5*g - 32 = 0. Let w be -2 - 3/(6/k). Suppose -2*i = -w*x - 30, -3*i + 2*i + 5*x = -15. Is i prime?
False
Let f(u) = -1690*u**3 + u**2 + 7*u + 7. Is f(-2) composite?
True
Suppose -2*m + 4*m - a - 3542 = 0, -2*m = 5*a - 3518. Is m prime?
False
Suppose -m = 4*n - 301, -n - 5*m + 70 = 9. Let x = n + -45. Is x a prime number?
True
Let u be (-8 - -6)/((-3)/9). Suppose u*b - 635 = b. Is b a composite number?
False
Let h(d) = 2*d**2 + d + 4987. Is h(0) a composite number?
False
Is (447 - 1)/1 + -1 prime?
False
Suppose w = -85 - 35. Suppose 173 = -3*r + 4*r. Let x = w + r. Is x a composite number?
False
Suppose 5*c = 3 - 33. Is (758/c - 0)*-3 a composite number?
False
Let r = -124 + 262. Let c = -73 + r. Is c composite?
True
Suppose 0 = 5*h - 20, 3*u - 2*h - 10 = -0*u. Is 374/10 + u/(-15) a composite number?
False
Let m = 337 - 20. Is m a prime number?
True
Su